{"id":246,"date":"2022-08-19T18:56:08","date_gmt":"2022-08-19T16:56:08","guid":{"rendered":"https:\/\/ateliermahe.fr\/?page_id=246"},"modified":"2022-08-19T19:01:04","modified_gmt":"2022-08-19T17:01:04","slug":"mentions-legales","status":"publish","type":"page","link":"https:\/\/ateliermahe.fr\/?page_id=246","title":{"rendered":"Mentions L\u00e9gales"},"content":{"rendered":"\t\t<div data-elementor-type=\"wp-page\" data-elementor-id=\"246\" class=\"elementor elementor-246\">\n\t\t\t\t\t\t<section class=\"elementor-section elementor-top-section elementor-element elementor-element-9d2f431 elementor-section-height-min-height elementor-section-boxed elementor-section-height-default elementor-section-items-middle wpr-particle-no wpr-jarallax-no wpr-parallax-no wpr-sticky-section-no wpr-equal-height-no\" data-id=\"9d2f431\" data-element_type=\"section\" data-e-type=\"section\" data-settings=\"{&quot;background_background&quot;:&quot;classic&quot;}\">\n\t\t\t\t\t\t<div class=\"elementor-container elementor-column-gap-default\">\n\t\t\t\t\t<div class=\"elementor-column elementor-col-100 elementor-top-column elementor-element elementor-element-788a4e2\" data-id=\"788a4e2\" data-element_type=\"column\" data-e-type=\"column\">\n\t\t\t<div class=\"elementor-widget-wrap\">\n\t\t\t\t\t\t\t<\/div>\n\t\t<\/div>\n\t\t\t\t\t<\/div>\n\t\t<\/section>\n\t\t\t\t<section class=\"elementor-section elementor-top-section elementor-element elementor-element-7b453864 elementor-hidden-phone elementor-section-boxed elementor-section-height-default elementor-section-height-default wpr-particle-no wpr-jarallax-no wpr-parallax-no wpr-sticky-section-no wpr-equal-height-no elementor-invisible\" data-id=\"7b453864\" data-element_type=\"section\" data-e-type=\"section\" data-settings=\"{&quot;animation&quot;:&quot;fadeIn&quot;,&quot;animation_delay&quot;:50}\">\n\t\t\t\t\t\t<div class=\"elementor-container elementor-column-gap-default\">\n\t\t\t\t\t<div class=\"elementor-column elementor-col-100 elementor-top-column elementor-element elementor-element-610382b6\" data-id=\"610382b6\" data-element_type=\"column\" data-e-type=\"column\">\n\t\t\t<div class=\"elementor-widget-wrap elementor-element-populated\">\n\t\t\t\t\t\t<div class=\"elementor-element elementor-element-46dda79 elementor-widget elementor-widget-spacer\" data-id=\"46dda79\" data-element_type=\"widget\" data-e-type=\"widget\" data-widget_type=\"spacer.default\">\n\t\t\t\t<div class=\"elementor-widget-container\">\n\t\t\t\t\t\t\t<div class=\"elementor-spacer\">\n\t\t\t<div class=\"elementor-spacer-inner\"><\/div>\n\t\t<\/div>\n\t\t\t\t\t\t<\/div>\n\t\t\t\t<\/div>\n\t\t\t\t\t<\/div>\n\t\t<\/div>\n\t\t\t\t\t<\/div>\n\t\t<\/section>\n\t\t\t\t<section class=\"elementor-section elementor-top-section elementor-element elementor-element-57ed744 elementor-section-boxed elementor-section-height-default elementor-section-height-default wpr-particle-no wpr-jarallax-no wpr-parallax-no wpr-sticky-section-no wpr-equal-height-no\" data-id=\"57ed744\" data-element_type=\"section\" data-e-type=\"section\">\n\t\t\t\t\t\t<div class=\"elementor-container elementor-column-gap-default\">\n\t\t\t\t\t<div class=\"elementor-column elementor-col-100 elementor-top-column elementor-element elementor-element-6205b76\" data-id=\"6205b76\" data-element_type=\"column\" data-e-type=\"column\">\n\t\t\t<div class=\"elementor-widget-wrap elementor-element-populated\">\n\t\t\t\t\t\t<div class=\"elementor-element elementor-element-8febbcc elementor-widget elementor-widget-spacer\" data-id=\"8febbcc\" data-element_type=\"widget\" data-e-type=\"widget\" data-widget_type=\"spacer.default\">\n\t\t\t\t<div class=\"elementor-widget-container\">\n\t\t\t\t\t\t\t<div class=\"elementor-spacer\">\n\t\t\t<div class=\"elementor-spacer-inner\"><\/div>\n\t\t<\/div>\n\t\t\t\t\t\t<\/div>\n\t\t\t\t<\/div>\n\t\t\t\t\t<\/div>\n\t\t<\/div>\n\t\t\t\t\t<\/div>\n\t\t<\/section>\n\t\t\t\t<section class=\"elementor-section elementor-top-section elementor-element elementor-element-d38323b animated-slow elementor-section-boxed elementor-section-height-default elementor-section-height-default wpr-particle-no wpr-jarallax-no wpr-parallax-no wpr-sticky-section-no wpr-equal-height-no elementor-invisible\" data-id=\"d38323b\" data-element_type=\"section\" data-e-type=\"section\" data-settings=\"{&quot;animation&quot;:&quot;fadeIn&quot;}\">\n\t\t\t\t\t\t<div class=\"elementor-container elementor-column-gap-default\">\n\t\t\t\t\t<div class=\"elementor-column elementor-col-100 elementor-top-column elementor-element elementor-element-1fa2f9b\" data-id=\"1fa2f9b\" data-element_type=\"column\" data-e-type=\"column\">\n\t\t\t<div class=\"elementor-widget-wrap elementor-element-populated\">\n\t\t\t\t\t\t<div class=\"elementor-element elementor-element-6a08ab7 animated-slow elementor-invisible elementor-widget elementor-widget-heading\" data-id=\"6a08ab7\" data-element_type=\"widget\" data-e-type=\"widget\" data-settings=\"{&quot;_animation&quot;:&quot;fadeIn&quot;,&quot;_animation_delay&quot;:100}\" data-widget_type=\"heading.default\">\n\t\t\t\t<div class=\"elementor-widget-container\">\n\t\t\t\t\t<h2 class=\"elementor-heading-title elementor-size-default\">Mentions L\u00e9gales<\/h2>\t\t\t\t<\/div>\n\t\t\t\t<\/div>\n\t\t\t\t<div class=\"elementor-element elementor-element-2176b2a animated-slow elementor-invisible elementor-widget elementor-widget-text-editor\" data-id=\"2176b2a\" data-element_type=\"widget\" data-e-type=\"widget\" data-settings=\"{&quot;_animation&quot;:&quot;fadeIn&quot;,&quot;_animation_delay&quot;:100}\" data-widget_type=\"text-editor.default\">\n\t\t\t\t<div class=\"elementor-widget-container\">\n\t\t\t\t\t\t\t\t\t<p>Nom de la soci\u00e9t\u00e9 : SARL MAHE<br \/>Num\u00e9ro de Siret : 902 962 505 00019<br \/>Nom du responsable : Marion Gavelle<\/p><p>Adresse de la soci\u00e9t\u00e9 :\u00a0244 rue d&rsquo;Endoume, 13007 Marseille<br \/>Adresse du si\u00e8ge social de la soci\u00e9t\u00e9: 244 rue d&rsquo;Endoume, 13007 Marseille<\/p><p>Editeur de la Publication: Marion<br \/>Directeur de la publication : Marion<br \/>Responsable de la r\u00e9daction : Marion<br \/>H\u00e9bergeur : OVH<br \/>Webmaster : Alexandre Augst<\/p>\t\t\t\t\t\t\t\t<\/div>\n\t\t\t\t<\/div>\n\t\t\t\t\t<\/div>\n\t\t<\/div>\n\t\t\t\t\t<\/div>\n\t\t<\/section>\n\t\t\t\t<section class=\"elementor-section elementor-top-section elementor-element elementor-element-37759c0 elementor-section-boxed elementor-section-height-default elementor-section-height-default wpr-particle-no wpr-jarallax-no wpr-parallax-no wpr-sticky-section-no wpr-equal-height-no\" data-id=\"37759c0\" data-element_type=\"section\" data-e-type=\"section\">\n\t\t\t\t\t\t<div class=\"elementor-container elementor-column-gap-default\">\n\t\t\t\t\t<div class=\"elementor-column elementor-col-100 elementor-top-column elementor-element elementor-element-c9975b9\" data-id=\"c9975b9\" data-element_type=\"column\" data-e-type=\"column\">\n\t\t\t<div class=\"elementor-widget-wrap\">\n\t\t\t\t\t\t\t<\/div>\n\t\t<\/div>\n\t\t\t\t\t<\/div>\n\t\t<\/section>\n\t\t\t\t<\/div>\n\t\t","protected":false},"excerpt":{"rendered":"<p>Mentions L\u00e9gales Nom de la soci\u00e9t\u00e9 : SARL MAHENum\u00e9ro de Siret : 902 962 505 00019Nom du responsable : Marion Gavelle Adresse de la soci\u00e9t\u00e9 :\u00a0244 rue d&rsquo;Endoume, 13007 MarseilleAdresse du si\u00e8ge social de la soci\u00e9t\u00e9: 244 rue d&rsquo;Endoume, 13007 Marseille Editeur de la Publication: MarionDirecteur de la publication : MarionResponsable de la r\u00e9daction : MarionH\u00e9bergeur : OVHWebmaster : Alexandre Augst<\/p>\n","protected":false},"author":1,"featured_media":0,"parent":0,"menu_order":0,"comment_status":"closed","ping_status":"closed","template":"","meta":{"_monsterinsights_skip_tracking":false,"_monsterinsights_sitenote_active":false,"_monsterinsights_sitenote_note":"","_monsterinsights_sitenote_category":0,"_kadence_starter_templates_imported_post":true,"_kad_post_transparent":"","_kad_post_title":"hide","_kad_post_layout":"fullwidth","_kad_post_sidebar_id":"","_kad_post_content_style":"unboxed","_kad_post_vertical_padding":"hide","_kad_post_feature":"hide","_kad_post_feature_position":"","_kad_post_header":false,"_kad_post_footer":false,"footnotes":""},"class_list":["post-246","page","type-page","status-publish","hentry"],"aioseo_notices":[],"yoast_head":"<!-- This site is optimized with the Yoast SEO plugin v25.6 - https:\/\/yoast.com\/wordpress\/plugins\/seo\/ -->\n<title>Fleuriste \u00e9coresponsable - Atelier Mahe<\/title>\n<meta name=\"description\" content=\"Fleuriste \u00e9coresponsable au coeur de Marseille - Des bouquets uniques pour vos \u00e9v\u00e8nements avec des fleurs fra\u00eeches et de saison.\" \/>\n<meta name=\"robots\" content=\"index, follow, max-snippet:-1, max-image-preview:large, max-video-preview:-1\" \/>\n<link rel=\"canonical\" href=\"https:\/\/ateliermahe.fr\/?page_id=246\" \/>\n<meta property=\"og:locale\" content=\"fr_FR\" \/>\n<meta property=\"og:type\" content=\"article\" \/>\n<meta property=\"og:title\" content=\"Fleuriste \u00e9coresponsable - Atelier Mahe\" \/>\n<meta property=\"og:description\" content=\"Fleuriste \u00e9coresponsable au coeur de Marseille - Des bouquets uniques pour vos \u00e9v\u00e8nements avec des fleurs fra\u00eeches et de saison.\" \/>\n<meta property=\"og:url\" content=\"https:\/\/ateliermahe.fr\/?page_id=246\" \/>\n<meta property=\"og:site_name\" content=\"Atelier Mahe\" \/>\n<meta property=\"article:modified_time\" content=\"2022-08-19T17:01:04+00:00\" \/>\n<meta name=\"twitter:card\" content=\"summary_large_image\" \/>\n<meta name=\"twitter:label1\" content=\"Dur\u00e9e de lecture estim\u00e9e\" \/>\n\t<meta name=\"twitter:data1\" content=\"1 minute\" \/>\n<script type=\"application\/ld+json\" class=\"yoast-schema-graph\">{\"@context\":\"https:\/\/schema.org\",\"@graph\":[{\"@type\":\"WebPage\",\"@id\":\"https:\/\/ateliermahe.fr\/?page_id=246\",\"url\":\"https:\/\/ateliermahe.fr\/?page_id=246\",\"name\":\"Fleuriste \u00e9coresponsable - Atelier Mahe\",\"isPartOf\":{\"@id\":\"https:\/\/ateliermahe.fr\/#website\"},\"datePublished\":\"2022-08-19T16:56:08+00:00\",\"dateModified\":\"2022-08-19T17:01:04+00:00\",\"description\":\"Fleuriste \u00e9coresponsable au coeur de Marseille - Des bouquets uniques pour vos \u00e9v\u00e8nements avec des fleurs fra\u00eeches et de saison.\",\"breadcrumb\":{\"@id\":\"https:\/\/ateliermahe.fr\/?page_id=246#breadcrumb\"},\"inLanguage\":\"fr-FR\",\"potentialAction\":[{\"@type\":\"ReadAction\",\"target\":[\"https:\/\/ateliermahe.fr\/?page_id=246\"]}]},{\"@type\":\"BreadcrumbList\",\"@id\":\"https:\/\/ateliermahe.fr\/?page_id=246#breadcrumb\",\"itemListElement\":[{\"@type\":\"ListItem\",\"position\":1,\"name\":\"Accueil\",\"item\":\"https:\/\/ateliermahe.fr\/\"},{\"@type\":\"ListItem\",\"position\":2,\"name\":\"Mentions L\u00e9gales\"}]},{\"@type\":\"WebSite\",\"@id\":\"https:\/\/ateliermahe.fr\/#website\",\"url\":\"https:\/\/ateliermahe.fr\/\",\"name\":\"Atelier Mahe\",\"description\":\"Votre fleuriste au coeur d&#039;Endoume\",\"publisher\":{\"@id\":\"https:\/\/ateliermahe.fr\/#organization\"},\"potentialAction\":[{\"@type\":\"SearchAction\",\"target\":{\"@type\":\"EntryPoint\",\"urlTemplate\":\"https:\/\/ateliermahe.fr\/?s={search_term_string}\"},\"query-input\":{\"@type\":\"PropertyValueSpecification\",\"valueRequired\":true,\"valueName\":\"search_term_string\"}}],\"inLanguage\":\"fr-FR\"},{\"@type\":\"Organization\",\"@id\":\"https:\/\/ateliermahe.fr\/#organization\",\"name\":\"Atelier Mahe\",\"url\":\"https:\/\/ateliermahe.fr\/\",\"logo\":{\"@type\":\"ImageObject\",\"inLanguage\":\"fr-FR\",\"@id\":\"https:\/\/ateliermahe.fr\/#\/schema\/logo\/image\/\",\"url\":\"https:\/\/ateliermahe.fr\/wp-content\/uploads\/2022\/08\/21-09-logo.png\",\"contentUrl\":\"https:\/\/ateliermahe.fr\/wp-content\/uploads\/2022\/08\/21-09-logo.png\",\"width\":4032,\"height\":3024,\"caption\":\"Atelier Mahe\"},\"image\":{\"@id\":\"https:\/\/ateliermahe.fr\/#\/schema\/logo\/image\/\"}}]}<\/script>\n<!-- \/ Yoast SEO plugin. -->","yoast_head_json":{"title":"Fleuriste \u00e9coresponsable - Atelier Mahe","description":"Fleuriste \u00e9coresponsable au coeur de Marseille - Des bouquets uniques pour vos \u00e9v\u00e8nements avec des fleurs fra\u00eeches et de saison.","robots":{"index":"index","follow":"follow","max-snippet":"max-snippet:-1","max-image-preview":"max-image-preview:large","max-video-preview":"max-video-preview:-1"},"canonical":"https:\/\/ateliermahe.fr\/?page_id=246","og_locale":"fr_FR","og_type":"article","og_title":"Fleuriste \u00e9coresponsable - Atelier Mahe","og_description":"Fleuriste \u00e9coresponsable au coeur de Marseille - Des bouquets uniques pour vos \u00e9v\u00e8nements avec des fleurs fra\u00eeches et de saison.","og_url":"https:\/\/ateliermahe.fr\/?page_id=246","og_site_name":"Atelier Mahe","article_modified_time":"2022-08-19T17:01:04+00:00","twitter_card":"summary_large_image","twitter_misc":{"Dur\u00e9e de lecture estim\u00e9e":"1 minute"},"schema":{"@context":"https:\/\/schema.org","@graph":[{"@type":"WebPage","@id":"https:\/\/ateliermahe.fr\/?page_id=246","url":"https:\/\/ateliermahe.fr\/?page_id=246","name":"Fleuriste \u00e9coresponsable - Atelier Mahe","isPartOf":{"@id":"https:\/\/ateliermahe.fr\/#website"},"datePublished":"2022-08-19T16:56:08+00:00","dateModified":"2022-08-19T17:01:04+00:00","description":"Fleuriste \u00e9coresponsable au coeur de Marseille - Des bouquets uniques pour vos \u00e9v\u00e8nements avec des fleurs fra\u00eeches et de saison.","breadcrumb":{"@id":"https:\/\/ateliermahe.fr\/?page_id=246#breadcrumb"},"inLanguage":"fr-FR","potentialAction":[{"@type":"ReadAction","target":["https:\/\/ateliermahe.fr\/?page_id=246"]}]},{"@type":"BreadcrumbList","@id":"https:\/\/ateliermahe.fr\/?page_id=246#breadcrumb","itemListElement":[{"@type":"ListItem","position":1,"name":"Accueil","item":"https:\/\/ateliermahe.fr\/"},{"@type":"ListItem","position":2,"name":"Mentions L\u00e9gales"}]},{"@type":"WebSite","@id":"https:\/\/ateliermahe.fr\/#website","url":"https:\/\/ateliermahe.fr\/","name":"Atelier Mahe","description":"Votre fleuriste au coeur d&#039;Endoume","publisher":{"@id":"https:\/\/ateliermahe.fr\/#organization"},"potentialAction":[{"@type":"SearchAction","target":{"@type":"EntryPoint","urlTemplate":"https:\/\/ateliermahe.fr\/?s={search_term_string}"},"query-input":{"@type":"PropertyValueSpecification","valueRequired":true,"valueName":"search_term_string"}}],"inLanguage":"fr-FR"},{"@type":"Organization","@id":"https:\/\/ateliermahe.fr\/#organization","name":"Atelier Mahe","url":"https:\/\/ateliermahe.fr\/","logo":{"@type":"ImageObject","inLanguage":"fr-FR","@id":"https:\/\/ateliermahe.fr\/#\/schema\/logo\/image\/","url":"https:\/\/ateliermahe.fr\/wp-content\/uploads\/2022\/08\/21-09-logo.png","contentUrl":"https:\/\/ateliermahe.fr\/wp-content\/uploads\/2022\/08\/21-09-logo.png","width":4032,"height":3024,"caption":"Atelier Mahe"},"image":{"@id":"https:\/\/ateliermahe.fr\/#\/schema\/logo\/image\/"}}]}},"_links":{"self":[{"href":"https:\/\/ateliermahe.fr\/index.php?rest_route=\/wp\/v2\/pages\/246"}],"collection":[{"href":"https:\/\/ateliermahe.fr\/index.php?rest_route=\/wp\/v2\/pages"}],"about":[{"href":"https:\/\/ateliermahe.fr\/index.php?rest_route=\/wp\/v2\/types\/page"}],"author":[{"embeddable":true,"href":"https:\/\/ateliermahe.fr\/index.php?rest_route=\/wp\/v2\/users\/1"}],"replies":[{"embeddable":true,"href":"https:\/\/ateliermahe.fr\/index.php?rest_route=%2Fwp%2Fv2%2Fcomments&post=246"}],"version-history":[{"count":4,"href":"https:\/\/ateliermahe.fr\/index.php?rest_route=\/wp\/v2\/pages\/246\/revisions"}],"predecessor-version":[{"id":250,"href":"https:\/\/ateliermahe.fr\/index.php?rest_route=\/wp\/v2\/pages\/246\/revisions\/250"}],"wp:attachment":[{"href":"https:\/\/ateliermahe.fr\/index.php?rest_route=%2Fwp%2Fv2%2Fmedia&parent=246"}],"curies":[{"name":"wp","href":"https:\/\/api.w.org\/{rel}","templated":true}]}}